at is the remainder when 22 is divided by r?
10
Suppose -4 + 1 = z, -3*x = -3*z - 12. Suppose -4*g + 5*g - 10 = 0. Let w = g - x. Calculate the remainder when 16 is divided by w.
7
Let j = 133 - 63. Calculate the remainder when j is divided by 18.
16
What is the remainder when 71 is divided by (-1 - (4 - 0))*-4?
11
Suppose 3*x - 16 + 4 = 0. Let g be (3/6)/(4/24). Let y = 7 + g. What is the remainder when y is divided by x?
2
Let u be (0 + (-249)/(-6))*-2. Let b = u - -116. What is the remainder when b is divided by 17?
16
Let d(s) = 4*s**2 + 56*s + 11. Calculate the remainder when 61 is divided by d(-14).
6
Let m(k) = k**3 + 2*k**2 + 2*k. Let f be m(-2). Suppose -60 = -6*q + q. What is the remainder when (4 - 2) + 49 + f is divided by q?
11
Let q(v) = -3*v - 12. Calculate the remainder when q(-11) is divided by 6.
3
Let m = -33 - -39. What is the remainder when m is divided by 5?
1
Suppose 0 = -l - 3*l + 156. Let b = -32 + l. Let c(t) = -20*t - 1. What is the remainder when c(-1) is divided by b?
5
Suppose 0 = -z + 5*v + 33, -80 - 25 = -5*z - 5*v. What is the remainder when z is divided by (12/10)/((-12)/(-80))?
7
Let n(p) = p**3 - 3*p - 4. Suppose -26 = k - 66. What is the remainder when k is divided by n(3)?
12
Let y(a) = 0*a**2 + 8*a + 5 + a**2 + 1 + 0. What is the remainder when y(-8) is divided by 2/(-5) - 22/(-5)?
2
Suppose -5*h = x - 130, h + 5*x = 4*h - 78. What is the remainder when 129 is divided by h?
25
Let u(n) = 5*n**2 + 2*n - 1. Calculate the remainder when (-4)/12*5/((-20)/276) is divided by u(1).
5
Let g(y) = 4*y - 10. What is the remainder when g(10) is divided by 16?
14
Suppose m + 6 + 45 = 4*n, m = -5*n + 57. Let q = -20 + 42. What is the remainder when q is divided by n?
10
Let l(q) = 2*q**2 - 2*q + 1 + 10*q**3 + 3*q**3 + 10*q**3. Calculate the remainder when l(1) is divided by 13.
11
Let h(c) = c**2 + 2*c - 3. Calculate the remainder when h(-6) is divided by 14.
7
Let l = 140 + -126. What is the remainder when 43 is divided by l?
1
Let n(i) = 5*i - 2. Let p be -1*(-2)/(-2) + 4. Suppose 3*u - 10 = u + p*o, -20 = -4*u - 4*o. Calculate the remainder when n(2) is divided by u.
3
Let g(h) = -15*h - 57. Calculate the remainder when 32 is divided by g(-5).
14
Suppose 2*i - 11 + 1 = 0. Suppose 0*y + 27 = 4*y + i*c, 6 = 2*c. Suppose 1 = y*z - 2. Calculate the remainder when 3 is divided by z.
0
Let l = -13 + 68. What is the remainder when l is divided by 14?
13
Suppose -4*r = -z - 4, -3*r + 1 + 0 = -z. Let p(l) = 13*l**2 + 2*l + 2. Let g be p(-2). Let w = g - 35. What is the remainder when w is divided by z?
7
What is the remainder when -10*(-284)/32 + 1/4 is divided by 23?
20
Let q(a) = -a**3 + 2*a**2 + a - 1. What is the remainder when 3 is divided by q(1)?
0
Let r(u) = -u + 33. Let s be r(0). Calculate the remainder when (-1 + 3)*s/6 is divided by (4 - 1)/((-3)/(-4)).
3
Let j(q) = -14*q + 4 + 0 + 0 - 2. Suppose 5*f + 23 = 5*i - 192, -4*i + 208 = 5*f. What is the remainder when i is divided by j(-1)?
15
Let g(y) = 6*y + 1. Let d = 11 - -9. What is the remainder when d is divided by g(1)?
6
Let g(r) = -r**3 - 3*r**2 + 4*r - 1. Let v be g(-4). Suppose 0 = -5*z - 8 + 18. Calculate the remainder when ((-1)/(-3))/(v/(-15)) is divided by z.
1
Let m(v) = v**2 - 5*v + 9. Let x be m(7). Let c = x + 7. Calculate the remainder when c is divided by 11.
8
Let i = -12 - -16. Calculate the remainder when 10 is divided by i.
2
Suppose -3*a + 385 - 106 = 0. Calculate the remainder when a is divided by 24.
21
Let y = 23 + 3. Let v(u) = u**3 + 6*u**2 - 2*u - 2. Let p be v(-6). Let z = y - p. Calculate the remainder when z is divided by 9.
7
Suppose 3*l + 4*w + 673 = 0, 789 = -5*l - 5*w - 326. Let t be l/(-12) - 1/4. Calculate the remainder when 34 is divided by (t + 0)/(3/2).
10
Suppose 3*h + 5*g - 27 = 0, -4*g + 6 - 42 = -4*h. Calculate the remainder when ((-8)/(-12))/((-1)/(-36)) is divided by h.
6
Let i(u) = -u**2 + 1. Let g be i(1). Let p = g - -2. Calculate the remainder when p is divided by 1.
0
Suppose -3*a + q = -0*a - 12, -2*a = 5*q + 9. Let v be (-6)/2*a/9. What is the remainder when ((-17)/(-4))/(v/(-4)) is divided by 9?
8
Let h(j) = -j**2 - 13*j - 3. What is the remainder when 35 is divided by h(-11)?
16
Suppose 15 = -3*h, -5*h + h = x - 126. Suppose -n = g - 30, -x = -4*g - g - 4*n. Calculate the remainder when g is divided by 14.
12
Let l(x) = -x**3 + 7*x**2 + 2. Let f(m) = m + 1. Let z be f(-5). Let k be (2/z)/((-2)/24). What is the remainder when l(k) is divided by 20?
18
Suppose -w = 4*q - 49, -2*w + 12 = 3*q - 21. Suppose 0 = 73*u - 78*u + 20. What is the remainder when q is divided by u?
1
Let n(z) = 2*z - 3. Let r be 5/(10/12) + 0. Calculate the remainder when 26 is divided by n(r).
8
Suppose m + 3*m = 24. Suppose -m = 2*l - 0*l. Let c = l + 13. Calculate the remainder when 18 is divided by c.
8
Let l(m) = 6*m + 6. Let o be l(5). Suppose -7*y + 3*y + o = 0. Suppose -3*g + 3 = -y. What is the remainder when g is divided by 2?
0
Let j(g) be the third derivative of g**5/30 + 4*g**3/3 - 4*g**2. What is the remainder when 15 is divided by j(0)?
7
Let d(l) = l**2 + 1. Let m = 1 + -2. Let u(o) = -2*o**2 - o + 3. Let f(x) = m*u(x) - d(x). What is the remainder when 5 is divided by f(-3)?
1
Let u = 45 + -27. What is the remainder when 34 is divided by u?
16
Suppose -2*q = -5*q + 51. Suppose -5*d = -n + q, 3*d + 11 = 2. Let u = 3 - -2. What is the remainder when u is divided by n?
1
Suppose -468 = -9*a + 5*a. Calculate the remainder when a is divided by 30.
27
Suppose -k + 17 = -4*m, -12 - 3 = 3*m - 3*k. Let x(o) = -o**3 - 5*o**2 - 5*o + 2. What is the remainder when x(m) is divided by 2?
0
Let q = 6 - -13. Let b(p) = -p**2 + 5*p + 12. Let r(t) = -t**2. Let i(f) = b(f) - 2*r(f). What is the remainder when i(-8) is divided by q?
17
Let n be (-4)/(-6)*18/4. Suppose -n*t - x - 194 = -6*t, 2*x = -2*t + 116. What is the remainder when t is divided by 16?
15
What is the remainder when 32 is divided by ((-2)/(-2 - -4))/(8/(-88))?
10
Suppose 114*w - 104*w = 130. Calculate the remainder when (0 - 57)/((-6)/4) is divided by w.
12
What is the remainder when 25 is divided by ((-7)/(2 - 1))/(23/(-23))?
4
Suppose 8 = c - 3*c, 5*l + 66 = c. Let o = l + 28. What is the remainder when 40 is divided by o?
12
Let l(a) = a + 6. Calculate the remainder when 59 is divided by l(9).
14
Suppose -2*d = -d - 4*h + 18, -3*d + 5*h = 19. Let y(l) = -2*l + 4 + d*l + 3 - 2*l. Calculate the remainder when y(-5) is divided by 9.
8
Suppose -9 = q + 4*j, 9 = -2*q - j - 4*j. Suppose 0 = -q*d + 4*o + 151, 4*o - 1 = -5. What is the remainder when d is divided by 17?
15
Suppose u - 30 = -u. Let n(h) be the second derivative of -h**5/20 + 5*h**4/6 - 2*h**3 + 11*h**2/2 - h. Calculate the remainder when n(8) is divided by u.
13
Let g be (-10)/8*1*16. Let p = 20 - g. Suppose -4*n - 7*c + 8*c + 60 = 0, 0 = 3*n - 3*c - 54. What is the remainder when p is divided by n?
12
Let s = -13 + 8. Let o(r) = r + 6. Let a be o(s). What is the remainder when 17 is divided by 1 + a + 5 + -1?
5
Suppose -2 = -2*w + 6. Suppose -4*r = 5*f - 17, w*r + r - 3*f = 49. Suppose 4*l - 5*o = 36, l - o + 0*o - r = 0. Calculate the remainder when 7 is divided by l.
3
Let y(q) = -q**2 - 7*q - 9. Calculate the remainder when 7 is divided by y(-4).
1
Calculate the remainder when (-2 - -3)*722/19 is divided by 15 - (3 + 2/(-2)).
12
Let z = 98 + -70. Suppose -7*v + z = -0*v. Suppose 2*w + 2 = 16. What is the remainder when w is divided by v?
3
Suppose 0 = 2*z - 5*n - 71, 3*z = 4*n + 114 - 4. What is the remainder when z is divided by 10?
8
Let q(w) = w**3 - 6*w**2 + 4*w - 7. Suppose -3*l + l = -12. Calculate the remainder when 31 is divided by q(l).
14
Let j(o) = o**2 + 8*o + 6. Calculate the remainder when 59 is divided by j(-9).
14
Let v = 23 + -20. Suppose -5*c - 2*h + 417 = 0, v*c - h - 247 = h. Calculate the remainder when c is divided by 21.
20
Suppose p - 4 = -2*p - 5*w, 2 = 4*p + 5*w. Let h be (0 + 0)/(0 + p). Suppose -o - 45 = -5*i, 3*i - o - 25 = -h*o. What is the remainder when 19 is divided by i?
9
Let p = -5 + 4. Let m = 7 + p. What is the remainder when 21 is divided by m?
3
Suppose -5*p + 3*g = -9, 1 = p + 2*g - 3*g. Calculate the remainder when 37 is divided by 2*p/((-12)/(-26)).
11
Calculate 